{"id":923,"date":"2018-05-22T17:06:33","date_gmt":"2018-05-22T17:06:33","guid":{"rendered":"https:\/\/zoe.zatz.us\/?page_id=923"},"modified":"2018-05-22T17:06:33","modified_gmt":"2018-05-22T17:06:33","slug":"no-mas-bebes-analysis","status":"publish","type":"page","link":"https:\/\/zoe.zatz.us\/index.php\/undergraduate-work\/no-mas-bebes-analysis\/","title":{"rendered":"No M\u00e1s Beb\u00e9s (Analysis)"},"content":{"rendered":"<p>Analysis: No M\u00e1s Beb\u00e9s<\/p>\n<p>1022 Words<\/p>\n<p>&nbsp;<\/p>\n<ol>\n<li><em>No M\u00e1s Beb\u00e9s<\/em>, Rene\u00e9 Tajima-Pe\u00f1a, June 14<sup>th<\/sup> 2015<\/li>\n<li>This film details the story of Mexican immigrant mother who were sterilized without fully knowledgeable consent. These women came into the Los Angeles county hospital while giving birth and were coercively sterilized under the guise that this would help them. The central argument of this film is that the practice of secret sterilization should not happen. The film has some secondary arguments, including that the secret sterilizations were racially motivated, they have a significantly harmful effect on the women involved, and there were specific historical contingencies that allowed such an operation to occur without weighing on the conscience of those performing the operation.<\/li>\n<li>The social catalysts that led to these uncalled for sterilizations include xenophobia combined with large population growth. The population in the United States rose drastically in the 1960s and 1970s, due to increased birth rates and immigration. At this point, people saw poor immigrants much the same way as Darwin and his contemporaries viewed the residuum; a group that needs to be suppressed, or at least to reproduce less. To counteract this problem, the US government instilled family planning programs to teach poor citizens about birth control methods. Funding was directed towards controlling the reproduction of minority populations, and attitudes towards immigrants were grim. The doctors felt that their Mexican immigrant patients had already had too many children that they couldn\u2019t pay for, so they would have the women sign off on a form they couldn\u2019t understand while in great pain. The women could not read nor understand the consent form for tubal ligation, so these procedures were nonconsensual.<\/li>\n<li>The part I found the most compelling was the sheer effect that forced sterilization had on these women. Because these women came from a culture that they held close to them, and that culture puts much weight on having many kids, having large children is a large and crucial part of their lives. Forcing sterilization upon these women is stripping their culture away from them, and at times led to them being called \u2018yegua\u2019 (sterile horse) by their husbands, if they told their husbands at all. In Maria Figueroa\u2019s case, her husband would become abusive, but she stayed with him until eventually she was driven to attempt suicide (she did not succeed). Some of these women wound up getting post-traumatic stress disorder because of the operation. The sheer weight that this mental illness can have on a person is drastic and explosive. This illness lasts much longer when another human is the cause of the trauma, so I can imagine that the coerced sterilization had an effect that lasted years. In fact, when interviewed recently, the interviewed women said that they still wish that it had never happened, and they feel as though a part of them is missing. These women, while still in labor, were showed a needle and a form; the needle would take away the pain as long as they signed the form. This form was in English, and many of the women couldn\u2019t understand English. Even if they could, they were in so much pain that understanding the form wouldn\u2019t prevent the coercive sterilization. One woman reported that the doctor said the baby would die if she didn\u2019t sign the form; she said that of course she picked the baby. Medical procedures that have to be done through trickery should not be done at all. Those exposed to medical operations should have the right to understand, in their own language and reading level, what they are getting into. It is ridiculous and invasive that anything else should happen.<\/li>\n<li>I was confused as to why Quilligan, the head of the Women\u2019s Hospital, was so ignorant to the actions of the doctors under him. He himself advocated for the good treatment of patients, and yet under his supervision hundreds of women were forcibly sterilized during cesarean sections. He claims that the chain of command in hospitals and the sheer number of patients obscured the fact that this situation was unfolding under his very nose. I agree with Dr. Rosenfeld, the medical resident that became the whistleblower, in that no private doctor would ever get away with asking a woman in labor if she wanted to have a tubal ligation so she would never have children again. It is repulsive to think that the doctors thought it was all well and good to sterilize these women purely based on the fact that they were poor immigrants. I also found it confusing that they lost the case. Their evidence was overwhelming and heartbreaking; even the court clerk was shocked at the outcome of the trial.<\/li>\n<li>Quotes:\n<ol>\n<li>Walter Cronkite on the sterilization policy (first image is of a baby being born):<br \/>\n\u201cThis birth is, in reality, part of a statewide birth control program. The aim is to space out or limit children born to the poor, the poor who cannot adequately feed or clothe the children they already have.\u201d<\/li>\n<li>Michael Kritzer, defendant:<br \/>\n\u201cOur goal wasn\u2019t to sterilize <em>all<\/em> the incoming Mexican population. That\u2019s not what anybody ever even intimated.\u201d<\/li>\n<li>Maria Hurtado, plaintiff and sterilized woman:<br \/>\n\u201cThey looked at me and said, \u2018This one has too many kids, let\u2019s sew her up so she won\u2019t know we did the operation.\u2019\u201d<em><br \/>\n<\/em>\u201c[They told me] you\u2019d better sign these papers or your baby probably could die here.\u201d<\/li>\n<li>Bernard Rosenfeld, whistleblower:<br \/>\n\u201cI couldn\u2019t believe that something like this was happening in the United States.\u201d<br \/>\n(Then compared to policies of Third Reich)<\/li>\n<li>Orencio Hernandez, son of sterilized woman:<br \/>\n\u201cIt\u2019s good I never knew because if I knew I \u2026 would hurt the people that did this, you know?\u201d<\/li>\n<\/ol>\n<\/li>\n<li>Do such injustices in the medical community still occur in the United States today? How can we stop this from happening in the future? During the 1930s, Germany\u2019s sterilization program was generally approved by the United States, and that didn\u2019t end well at all. Does the backlash against these sterilizations show that humans have changed? Or does the fact that it happened show that we haven\u2019t changed?<\/li>\n<\/ol>\n","protected":false},"excerpt":{"rendered":"<p>Analysis: No M\u00e1s Beb\u00e9s 1022 Words &nbsp; No M\u00e1s Beb\u00e9s, Rene\u00e9 Tajima-Pe\u00f1a, June 14th 2015 This film details the story of Mexican immigrant mother who were sterilized without fully knowledgeable consent. These women came into the Los Angeles county hospital while giving birth and were coercively sterilized under the guise that this would help them. [&hellip;]<\/p>\n","protected":false},"author":1,"featured_media":0,"parent":33,"menu_order":0,"comment_status":"closed","ping_status":"closed","template":"","meta":{"footnotes":""},"class_list":["post-923","page","type-page","status-publish","hentry"],"_links":{"self":[{"href":"https:\/\/zoe.zatz.us\/index.php\/wp-json\/wp\/v2\/pages\/923","targetHints":{"allow":["GET"]}}],"collection":[{"href":"https:\/\/zoe.zatz.us\/index.php\/wp-json\/wp\/v2\/pages"}],"about":[{"href":"https:\/\/zoe.zatz.us\/index.php\/wp-json\/wp\/v2\/types\/page"}],"author":[{"embeddable":true,"href":"https:\/\/zoe.zatz.us\/index.php\/wp-json\/wp\/v2\/users\/1"}],"replies":[{"embeddable":true,"href":"https:\/\/zoe.zatz.us\/index.php\/wp-json\/wp\/v2\/comments?post=923"}],"version-history":[{"count":1,"href":"https:\/\/zoe.zatz.us\/index.php\/wp-json\/wp\/v2\/pages\/923\/revisions"}],"predecessor-version":[{"id":924,"href":"https:\/\/zoe.zatz.us\/index.php\/wp-json\/wp\/v2\/pages\/923\/revisions\/924"}],"up":[{"embeddable":true,"href":"https:\/\/zoe.zatz.us\/index.php\/wp-json\/wp\/v2\/pages\/33"}],"wp:attachment":[{"href":"https:\/\/zoe.zatz.us\/index.php\/wp-json\/wp\/v2\/media?parent=923"}],"curies":[{"name":"wp","href":"https:\/\/api.w.org\/{rel}","templated":true}]}}